{"id":3253,"date":"2021-09-13T16:18:50","date_gmt":"2021-09-13T20:18:50","guid":{"rendered":"\/site\/?page_id=3253"},"modified":"2025-06-17T16:00:48","modified_gmt":"2025-06-17T20:00:48","slug":"les-directeurs","status":"publish","type":"page","link":"\/site\/les-directeurs\/","title":{"rendered":"Les Directeurs"},"content":{"rendered":"<div class=\"wp-block-image is-style-rounded\">\n<figure class=\"aligncenter size-large is-resized\"><a href=\"https:\/\/islghaiti.org\/site\/wp-content\/uploads\/2025\/06\/Fr.-Geniaud-e1750190104414.jpg\" data-rel=\"lightbox-image-0\" data-rl_title=\"\" data-rl_caption=\"\" title=\"\"><img loading=\"lazy\" decoding=\"async\" src=\"https:\/\/islghaiti.org\/site\/wp-content\/uploads\/2025\/06\/Fr.-Geniaud-e1750190104414-994x1024.jpg\" alt=\"\" class=\"wp-image-9530\" width=\"249\" height=\"256\" srcset=\"https:\/\/islghaiti.org\/site\/wp-content\/uploads\/2025\/06\/Fr.-Geniaud-e1750190104414-994x1024.jpg 994w, https:\/\/islghaiti.org\/site\/wp-content\/uploads\/2025\/06\/Fr.-Geniaud-e1750190104414-291x300.jpg 291w, https:\/\/islghaiti.org\/site\/wp-content\/uploads\/2025\/06\/Fr.-Geniaud-e1750190104414-768x791.jpg 768w, https:\/\/islghaiti.org\/site\/wp-content\/uploads\/2025\/06\/Fr.-Geniaud-e1750190104414-1492x1536.jpg 1492w, https:\/\/islghaiti.org\/site\/wp-content\/uploads\/2025\/06\/Fr.-Geniaud-e1750190104414.jpg 1920w\" sizes=\"auto, (max-width: 249px) 100vw, 249px\" \/><\/a><\/figure><\/div>\n\n\n<p class=\"has-text-align-center\"><strong>Fr. G\u00e9niaud LAUTURE<\/strong><br><em>Directeur G\u00e9n\u00e9ral de l&rsquo;Institution Saint-Louis de Gonzague<\/em><\/p>\n\n\n\n<hr>\n\n\n<div class=\"wp-block-image is-style-rounded\">\n<figure class=\"aligncenter size-large is-resized\"><a href=\"https:\/\/islghaiti.org\/site\/wp-content\/uploads\/2025\/06\/Fr.-Rocky.jpg\" data-rel=\"lightbox-image-1\" data-rl_title=\"\" data-rl_caption=\"\" title=\"\"><img loading=\"lazy\" decoding=\"async\" src=\"https:\/\/islghaiti.org\/site\/wp-content\/uploads\/2025\/06\/Fr.-Rocky-1024x1024.jpg\" alt=\"\" class=\"wp-image-9532\" width=\"256\" height=\"256\" srcset=\"https:\/\/islghaiti.org\/site\/wp-content\/uploads\/2025\/06\/Fr.-Rocky-1024x1024.jpg 1024w, https:\/\/islghaiti.org\/site\/wp-content\/uploads\/2025\/06\/Fr.-Rocky-300x300.jpg 300w, https:\/\/islghaiti.org\/site\/wp-content\/uploads\/2025\/06\/Fr.-Rocky-150x150.jpg 150w, https:\/\/islghaiti.org\/site\/wp-content\/uploads\/2025\/06\/Fr.-Rocky-768x768.jpg 768w, https:\/\/islghaiti.org\/site\/wp-content\/uploads\/2025\/06\/Fr.-Rocky.jpg 1200w\" sizes=\"auto, (max-width: 256px) 100vw, 256px\" \/><\/a><\/figure><\/div>\n\n\n<p class=\"has-text-align-center\"><strong>Fr. Rocky JACOB<\/strong><br><em>Directeur du <\/em>3\u00e8me Cycle Fondamentale<\/p>\n\n\n\n<hr>\n\n\n<div class=\"wp-block-image is-style-rounded\">\n<figure class=\"aligncenter size-large is-resized\"><a href=\"https:\/\/islghaiti.org\/site\/wp-content\/uploads\/2024\/01\/623424BB-168A-4F40-B3F0-DFC372456CEE-e1750190247309.jpeg\" data-rel=\"lightbox-image-2\" data-rl_title=\"\" data-rl_caption=\"\" title=\"\"><img loading=\"lazy\" decoding=\"async\" src=\"https:\/\/islghaiti.org\/site\/wp-content\/uploads\/2024\/01\/623424BB-168A-4F40-B3F0-DFC372456CEE-e1750190247309-954x1024.jpeg\" alt=\"\" class=\"wp-image-7626\" width=\"239\" height=\"256\" srcset=\"https:\/\/islghaiti.org\/site\/wp-content\/uploads\/2024\/01\/623424BB-168A-4F40-B3F0-DFC372456CEE-e1750190247309-954x1024.jpeg 954w, https:\/\/islghaiti.org\/site\/wp-content\/uploads\/2024\/01\/623424BB-168A-4F40-B3F0-DFC372456CEE-e1750190247309-280x300.jpeg 280w, https:\/\/islghaiti.org\/site\/wp-content\/uploads\/2024\/01\/623424BB-168A-4F40-B3F0-DFC372456CEE-e1750190247309-768x824.jpeg 768w, https:\/\/islghaiti.org\/site\/wp-content\/uploads\/2024\/01\/623424BB-168A-4F40-B3F0-DFC372456CEE-e1750190247309.jpeg 960w\" sizes=\"auto, (max-width: 239px) 100vw, 239px\" \/><\/a><\/figure><\/div>\n\n\n<p class=\"has-text-align-center\"><strong>Fr. Marcsondez DESRIVIERES <\/strong><br><em>Directeur du 1er et 2\u00e8me  Cycle Fondamentale<\/em><\/p>\n\n\n\n<hr>\n<div class=\"pld-like-dislike-wrap pld-template-1\">\r\n    <div class=\"pld-like-wrap  pld-common-wrap\">\r\n    <a href=\"javascript:void(0)\" class=\"pld-like-trigger pld-like-dislike-trigger  \" title=\"J&#039;aime\" data-post-id=\"3253\" data-trigger-type=\"like\" data-restriction=\"cookie\" data-already-liked=\"0\">\r\n                        <i class=\"fas fa-thumbs-up\"><\/i>\r\n                <\/a>\r\n    <span class=\"pld-like-count-wrap pld-count-wrap\">4    <\/span>\r\n<\/div><div class=\"pld-dislike-wrap  pld-common-wrap\">\r\n    <a href=\"javascript:void(0)\" class=\"pld-dislike-trigger pld-like-dislike-trigger  \" title=\"Je n&#039;aime pas\" data-post-id=\"3253\" data-trigger-type=\"dislike\" data-restriction=\"cookie\" data-already-liked=\"0\">\r\n                        <i class=\"fas fa-thumbs-down\"><\/i>\r\n                <\/a>\r\n    <span class=\"pld-dislike-count-wrap pld-count-wrap\">0<\/span>\r\n<\/div><\/div>","protected":false},"excerpt":{"rendered":"<p>Fr. G\u00e9niaud LAUTUREDirecteur G\u00e9n\u00e9ral de l&rsquo;Institution Saint-Louis de Gonzague Fr. Rocky JACOBDirecteur du 3\u00e8me Cycle Fondamentale Fr. Marcsondez DESRIVIERES Directeur du 1er et 2\u00e8me Cycle Fondamentale 4 0<\/p>\n","protected":false},"author":16,"featured_media":0,"parent":0,"menu_order":0,"comment_status":"closed","ping_status":"closed","template":"","meta":{"_eb_attr":"","footnotes":""},"class_list":["post-3253","page","type-page","status-publish","hentry"],"_links":{"self":[{"href":"\/site\/wp-json\/wp\/v2\/pages\/3253","targetHints":{"allow":["GET"]}}],"collection":[{"href":"\/site\/wp-json\/wp\/v2\/pages"}],"about":[{"href":"\/site\/wp-json\/wp\/v2\/types\/page"}],"author":[{"embeddable":true,"href":"\/site\/wp-json\/wp\/v2\/users\/16"}],"replies":[{"embeddable":true,"href":"\/site\/wp-json\/wp\/v2\/comments?post=3253"}],"version-history":[{"count":11,"href":"\/site\/wp-json\/wp\/v2\/pages\/3253\/revisions"}],"predecessor-version":[{"id":9534,"href":"\/site\/wp-json\/wp\/v2\/pages\/3253\/revisions\/9534"}],"wp:attachment":[{"href":"\/site\/wp-json\/wp\/v2\/media?parent=3253"}],"curies":[{"name":"wp","href":"https:\/\/api.w.org\/{rel}","templated":true}]}}