{"id":5276,"date":"2023-06-05T23:24:22","date_gmt":"2023-06-06T03:24:22","guid":{"rendered":"\/site\/?page_id=5276"},"modified":"2023-06-06T09:32:26","modified_gmt":"2023-06-06T13:32:26","slug":"candidature-pour-le-poste-denseignant","status":"publish","type":"page","link":"\/site\/candidature-pour-le-poste-denseignant\/","title":{"rendered":"Candidature pour le poste d&rsquo;enseignant"},"content":{"rendered":"\n<div class=\"post\">\n<!-- <font size= \"5\">-->\n<br><br><p align=\"center\">Merci de l&rsquo;int\u00e9r\u00eat que vous portez \u00e0 notre \u00e9tablissement scolaire. Veuillez remplir le formulaire de candidature afin de postuler pour le poste d&rsquo;enseignant. Vos r\u00e9ponses nous aideront \u00e0 mieux vous conna\u00eetre et \u00e0 \u00e9valuer votre ad\u00e9quation avec nos besoins.  <br><br>Cliquez sur le bouton qui suit pour acc\u00e9der au formulaire: <\/p><br>\n<center><div class=\"RedGreen_Button\"> \n<a href=\"https:\/\/docs.google.com\/forms\/d\/e\/1FAIpQLSdKayubQAeeq-0c2TKaVUB3hHcpXofogze4iKitZTWWIFYPeA\/viewform\" rel=\"noopener noreferrer\" target=\"_blank\">\nLancer le processus de recrutement<\/a>\n<\/div><\/center>\n<!--<\/font>-->\n<br>\n<p align=\"center\">Votre dossier ira dans notre pile en attente pour d&rsquo;\u00e9ventuels postes futurs.\nSi des opportunit\u00e9s se pr\u00e9sentent, nous l&rsquo;examinerons en prenant le temps d&rsquo;\u00e9valuer vos qualifications et vous contacterons pour discuter de vos comp\u00e9tences et de votre ad\u00e9quation avec le poste.\n<br><br>\nNous vous souhaitons bonne chance dans votre recherche d&#8217;emploi.<\/p>\n\n<\/div>\n\n\n\n<p><\/p>\n<div class=\"pld-like-dislike-wrap pld-template-1\">\r\n    <div class=\"pld-like-wrap  pld-common-wrap\">\r\n    <a href=\"javascript:void(0)\" class=\"pld-like-trigger pld-like-dislike-trigger  \" title=\"J&#039;aime\" data-post-id=\"5276\" data-trigger-type=\"like\" data-restriction=\"cookie\" data-already-liked=\"0\">\r\n                        <i class=\"fas fa-thumbs-up\"><\/i>\r\n                <\/a>\r\n    <span class=\"pld-like-count-wrap pld-count-wrap\">1    <\/span>\r\n<\/div><div class=\"pld-dislike-wrap  pld-common-wrap\">\r\n    <a href=\"javascript:void(0)\" class=\"pld-dislike-trigger pld-like-dislike-trigger  \" title=\"Je n&#039;aime pas\" data-post-id=\"5276\" data-trigger-type=\"dislike\" data-restriction=\"cookie\" data-already-liked=\"0\">\r\n                        <i class=\"fas fa-thumbs-down\"><\/i>\r\n                <\/a>\r\n    <span class=\"pld-dislike-count-wrap pld-count-wrap\">1<\/span>\r\n<\/div><\/div>","protected":false},"excerpt":{"rendered":"<p>Merci de l&rsquo;int\u00e9r\u00eat que vous portez \u00e0 notre \u00e9tablissement scolaire. Veuillez remplir le formulaire de candidature afin de postuler pour le poste d&rsquo;enseignant. Vos r\u00e9ponses nous aideront \u00e0 mieux vous conna\u00eetre et \u00e0 \u00e9valuer votre ad\u00e9quation avec nos besoins. Cliquez sur le bouton qui suit pour acc\u00e9der au formulaire: Lancer le processus de recrutement Votre &hellip; <a href=\"\/site\/candidature-pour-le-poste-denseignant\/\">Continue reading <span class=\"meta-nav\">&rarr;<\/span><\/a><\/p>\n","protected":false},"author":16,"featured_media":0,"parent":0,"menu_order":0,"comment_status":"closed","ping_status":"closed","template":"","meta":{"_eb_attr":"","footnotes":""},"class_list":["post-5276","page","type-page","status-publish","hentry"],"_links":{"self":[{"href":"\/site\/wp-json\/wp\/v2\/pages\/5276","targetHints":{"allow":["GET"]}}],"collection":[{"href":"\/site\/wp-json\/wp\/v2\/pages"}],"about":[{"href":"\/site\/wp-json\/wp\/v2\/types\/page"}],"author":[{"embeddable":true,"href":"\/site\/wp-json\/wp\/v2\/users\/16"}],"replies":[{"embeddable":true,"href":"\/site\/wp-json\/wp\/v2\/comments?post=5276"}],"version-history":[{"count":24,"href":"\/site\/wp-json\/wp\/v2\/pages\/5276\/revisions"}],"predecessor-version":[{"id":5321,"href":"\/site\/wp-json\/wp\/v2\/pages\/5276\/revisions\/5321"}],"wp:attachment":[{"href":"\/site\/wp-json\/wp\/v2\/media?parent=5276"}],"curies":[{"name":"wp","href":"https:\/\/api.w.org\/{rel}","templated":true}]}}